 5*i - 54 = 2*u. Calculate the remainder when 754 is divided by i.
10
Suppose -2*q - 3*b + 113 = 0, 0 = 3*b - 0*b + 3. Let m be (-200)/15*30/(-25). Suppose -19*n + 90 = -m*n. Calculate the remainder when q is divided by n.
28
Calculate the remainder when -3 + (230 - 41 - (-1 - 5)) is divided by 39.
36
Suppose 15 = -5*u + 330. Let x be 9*(-7)/(u/(-6)). Calculate the remainder when 33 is divided by (2/x)/((-3)/(-81)).
6
Let k = -783 + 5301. What is the remainder when k is divided by 33?
30
Suppose 5 - 45 = -5*d. Let p(r) = -14 - d + 17 - r. Calculate the remainder when 2 is divided by p(-7).
0
Let g(l) = 9*l + 142. What is the remainder when g(0) is divided by 39?
25
Let m(z) = -8*z**2 - 45*z - 10. Suppose -6*v + 215 = -v. What is the remainder when (v/(-3) + 0)*-3 is divided by m(-5)?
13
What is the remainder when 775 is divided by (-5 - (-129 - -7))*(-10)/(-15)?
73
Suppose 2*q = -2*q + 20. Let p(o) = 2*o + 1. Let u(b) = -b**2 + b + 6. Let k be u(0). Calculate the remainder when p(k) is divided by q.
3
Let j be (20/(-25))/((-2)/5). Let h(u) = 29*u**2 + 0*u**3 - u + 2 - 21*u**j + u**3. Calculate the remainder when 37 is divided by h(-8).
7
Suppose 6*u = 2*u - 156. Calculate the remainder when (-6546)/u - (-8)/52 is divided by 43.
39
Let m be (-375)/9 + (4/(-3))/4. Suppose 35 - 8 = -3*b. What is the remainder when (-15)/(-10)*m/b is divided by 4?
3
Suppose 10*z - 36 + 6 = 0. What is the remainder when 21 is divided by z?
0
Let n = 13 + -9. Suppose 13 = -3*y + n*y. Calculate the remainder when y is divided by 2/16 + 78/16.
3
Suppose -9*n + 188 = -73. Calculate the remainder when n is divided by 5.
4
Let o = 50 - 161. Let f = -239 + 195. Let c = f - o. Calculate the remainder when c is divided by 17.
16
Let c = 350 - 215. What is the remainder when c is divided by 46?
43
Let f(p) = -136*p + 50. Calculate the remainder when f(-5) is divided by 43.
42
Let k = -53 + 54. Suppose -5*q + k = -x + 90, -514 = -5*x + 2*q. What is the remainder when x is divided by 21?
20
Let y = 57 - -187. What is the remainder when y is divided by 35?
34
Let m be 0 + 106 + -15 + 11. Let r = -98 + m. Calculate the remainder when 8 is divided by r.
0
Let v(c) = 7*c + 234. Calculate the remainder when v(-9) is divided by 43.
42
Let f(m) = -m**2 - 2*m + 4. Let c be f(9). What is the remainder when 6/12 + (c/(-2) - -2) is divided by 4/6 - (-104)/6?
14
Let y = 145 - 101. Let u(r) = -57*r - 2663. Calculate the remainder when u(-49) is divided by y.
42
Let m(n) = -2*n + 4. Let j be m(-5). Suppose 12*i - 2*i = -4*i + 350. Calculate the remainder when i is divided by 4/j - 89/(-7).
12
Let w be 1/(-1*(-2)/56). Calculate the remainder when 108 - (1 - 1) - (25 - w) is divided by 28.
27
Let f = -946 - -1571. Suppose 3*q = 8*q - f. What is the remainder when q is divided by 43?
39
Let k = 555 + -326. What is the remainder when k is divided by 77?
75
Suppose 2*m + 0 + 0 = 0. Let f(b) = -b**3 + b + 9. Calculate the remainder when f(m) is divided by 3.
0
Let a be 90/4*(-4)/(-6). Suppose a - 3 = 4*r. What is the remainder when 12 is divided by r?
0
Suppose 0 = 9*n - 19 + 82. Calculate the remainder when 3/n - 7524/(-63) is divided by 20.
19
Let z = -17 + 22. Let q(s) = 9*s + 19. Let n be q(8). Suppose z*l - n = 49. What is the remainder when l is divided by 6?
4
Calculate the remainder when 121 is divided by 166/9 + (-212)/477.
13
Let t(a) be the third derivative of -a**6/60 + a**5/60 + a**4/24 - 2*a**2. What is the remainder when t(-2) is divided by 4?
2
Suppose 16 = 4*u + 2*c, 2*u - 2*c - 8 = -2*u. Suppose 3*a = -4*v + 7, 3*v = -2*a + v + 8. Calculate the remainder when 297/18 - ((-6)/4)/u is divided by a.
8
Suppose 131 = m + 3*j, -5*j - 592 = m - 5*m. Calculate the remainder when m is divided by 48.
47
Let o = 10 + -6. Let v(j) = j**2 - 5*j - 23. Let k = 10 + -1. What is the remainder when v(k) is divided by o?
1
Suppose 21*k - 28*k + 567 = 0. What is the remainder when k is divided by 14?
11
Calculate the remainder when 11 + -11 + -2 - -265 is divided by 38.
35
Suppose -2 = -u + 3*a, -2 = -2*a - 6. Calculate the remainder when (-1 - -2)/(u/(-52)) is divided by 4.
1
Let o = 499 + -481. What is the remainder when o is divided by 6?
0
Let z(q) = -q**3 - 13*q**2 - 10*q - 12. Let g(r) = -r + 1. Let n(m) = -2*g(m) - z(m). What is the remainder when 119 is divided by n(-12)?
9
Let g be (-8)/24*(-105 - 0). Let d be 30/(-70) - (-76)/14. Suppose 3*n - 4*q - 18 = g, -d*q = -n + 25. Calculate the remainder when 28 is divided by n.
13
Let j be 6/4*5*2. Let s be (-4)/10 + 51/j. Suppose -3*q = -0*q + 12, -g - s*q + 3 = 0. Calculate the remainder when g is divided by 8.
7
Let z(n) = n**3 + 9*n**2 + 14*n + 1. Suppose -5*t + 2*w = -66, t - 5*w - 2 = 2. What is the remainder when z(-6) is divided by t?
11
Suppose 3*q + 27 = 3*p, 2*p + q - 20 = 5*q. Let f be (1 - 2)/(3/(-27)). Let w = f - p. Calculate the remainder when 1 is divided by w.
0
Suppose 0 = -2*p + 2*a - 22, -2*p + a = -4*a + 25. What is the remainder when 2*((-222)/(-20) + p/(-25)) is divided by 7?
2
Let i(v) = v**3 + 6*v**2 - 2*v + 7. Suppose 5*k = -5*t + 125, k = 5 - 9. Suppose -t - 37 = -6*n. What is the remainder when i(-5) is divided by n?
9
Suppose 10*p - 55 + 15 = 0. Suppose 2*s = -3*k + 33, -5*k - p*s + 80 = 25. Calculate the remainder when 21 is divided by k.
10
Let s = -1205 - -1219. Calculate the remainder when 206 is divided by s.
10
Let p(z) = z**2 - 10*z + 31. Let f = 12 + 14. What is the remainder when f is divided by p(8)?
11
Let r = 86 + -28. Calculate the remainder when r is divided by 15.
13
Let n = 0 + -1. Let m = -46 + 76. Let o = m + n. Calculate the remainder when o is divided by 10.
9
Suppose 1869 = 30*j - 1131. Calculate the remainder when j is divided by 13.
9
Let u(m) = -m**3 - 4*m**2 + 4*m + 6. Let w be u(-6). Suppose 0*h = 2*h + 5*y - w, -4*h + 132 = 4*y. What is the remainder when 109 is divided by h?
35
Let x = 19 + -17. Suppose -x*z = -16 - 52. Calculate the remainder when z is divided by 12.
10
Suppose 0 = 5*x + 9*m - 13*m - 466, -4*m + 514 = 5*x. Let b(c) = -c**2 + 8*c - 2. What is the remainder when x is divided by b(6)?
8
Let v(x) = -x**3 - 31*x**2 - 85*x - 14. Let b be 307 - (0 - 0/(-2)). Suppose -107 + b = 5*o. Calculate the remainder when o is divided by v(-28).
12
Let s(n) = -71*n - 10. Suppose 8*j + 17*j - 625 = 0. Calculate the remainder when s(-4) is divided by j.
24
Suppose 104 = 14*p - 1114. What is the remainder when p is divided by 87?
0
Suppose -4*p + 22 = -2*k, -p - 4*k - 2 - 6 = 0. Suppose -y + p*y + 6 = -3*m, -y - 4*m = 14. What is the remainder when 6 is divided by y?
0
Suppose -4*r + 4*v = -304, v - 458 = -5*r - 48. Suppose 4*i - r = 11. What is the remainder when 68 is divided by i?
22
Let q(m) = 14*m**2 - 10*m + 26. Calculate the remainder when q(2) is divided by 29.
4
Let l = -359 - -387. Calculate the remainder when 277 is divided by l.
25
Let u(x) = -x - 12. Let o be u(-20). Suppose c + 3*s = -o, 3*c + s = -s + 4. Let z(y) = 4*y - 3. Calculate the remainder when z(5) is divided by c.
1
Let r(p) = 4*p + 27. Calculate the remainder when 320 is divided by r(-2).
16
Let h = 20 - 18. Let r(w) = -8 - h*w - 3*w - w. What is the remainder when 111 is divided by r(-6)?
27
Let j(q) = 2*q + 41. Let n be j(0). Suppose -31 = -4*d + 5*p, 2*d - 6*d - 5*p = -n. What is the remainder when d is divided by 8?
1
Suppose 186*g - 170*g = 10192. What is the remainder when g is divided by 10?
7
Calculate the remainder when 560*(3 - (-65)/(-25)) is divided by 79.
66
Let o = -33 - -61. Let j = -56 + 33. Let r = j + o. Calculate the remainder when 19 is divided by r.
4
Let s(n) = 57*n + 468. What is the remainder when s(-7) is divided by 11?
3
Suppose 77*c = 45*c + 512. Calculate the remainder when 69 is divided by c.
5
Let p = 64 + -45. What is the remainder when (93/(-2))/((-45)/30) is divided by p?
12
Let n(c) = -4*c + 28. Let m(v) = -v**2 - v + 26. What is the remainder when n(-12) is divided by m(0)?
24
Suppose 0 = 261*q - 262*q + 146. What is the remainder when 728 is divided by q?
144
Let y(z) = 2*z**2 + 13*z + 34. Let i(c) = -8*c + 7. What is the remainder when i(-6) is divided by y(-4)?
13
Let b(l) = 9*l**3 - 2*l**2 + l. Suppose 0 = 3*o + 2*o - 5. Let z be b(o). Suppose -2*d + 4*d = z. What is the rem